- 150. Suppose -1 = -i*r - 3*w, 4*r + 0*w = -2*w. What is d(r)?
28
Let a(l) = l**3 + 16*l**2 + 8*l - 22. Let o(p) = 7*p**3 + 111*p**2 + 52*p - 156. Let s(r) = 15*a(r) - 2*o(r). What is s(-17)?
-1
Let v(p) be the second derivative of 25*p**3/3 + p**2 - 2816*p. Give v(1).
52
Suppose 0 = 2*u + 3*u - 15. Let v(b) = u*b + 0*b - 3 + b**2 + 2*b + 0*b. Let o be -7 - (2 - 18/6). Determine v(o).
3
Let x(h) = 22*h**3 + 5*h**2 + 5*h + 11. Let p(w) = -41*w**3 - 8*w**2 - 8*w - 18. Let q(y) = 3*p(y) + 5*x(y). Let l = 12 - 7. Suppose 5*r = -0*r - l. Give q(r).
14
Let u(r) = -167*r**2 + 2*r - 7. Let s(q) = 375*q**2 - 3*q + 15. Let x(v) = 4*s(v) + 9*u(v). Determine x(2).
-3
Suppose -65 = -y - 4*y. Let b(o) = o**3 - 2*o**2 + 5*o + 13. Let p be b(0). Let q(v) = p*v - y*v + 7*v. Determine q(-1).
-7
Let z(p) be the second derivative of 26*p + 0 + 1/6*p**3 + 7/2*p**2. Give z(0).
7
Let t(v) be the third derivative of v**8/2240 - v**7/1260 - v**6/240 + 133*v**4/24 - 3*v**2 + 12*v. Let o(p) be the second derivative of t(p). What is o(-2)?
-26
Let i(m) be the second derivative of 4*m**3/3 + m**2 + 31*m. Suppose 3*o + 16 = 4*g, g - 3 + 2 = 0. Give i(o).
-30
Let x(i) = i**3 + 6*i**2 - 9*i + 29. Let w be x(-7). Let g(p) = -37 + 85 - w + 4*p. Calculate g(-4).
-11
Let i(g) be the third derivative of 13*g**4/24 + g**3/2 - 246*g**2 - 1. Calculate i(-1).
-10
Suppose 3*f = -3*g - 27, 72 = -5*g - 50*f + 54*f. Let n(z) = -3*z - 23. Give n(g).
13
Let p(u) = u**3 + 5*u**2 - u - 2. Let g = -15 + 20. Suppose 2*v = g*w + 30, -3*w - 18 = -0*w - 4*v. What is p(w)?
-32
Let o(r) = 45 - 115 + 0*r - 2*r - r**2 + 37 + 44. Calculate o(-5).
-4
Suppose 3*w - 21 = 3*q, -w - 27 = -5*w + 3*q. Suppose -5*o = -3*o + w. Let l(k) = 6 + 2*k - 1034*k**2 - k**3 + 1030*k**2 - 4. Determine l(o).
-13
Let a(d) = -15*d + 60. Let i be a(-17). Let p(m) = -i*m**2 + 2*m**3 + 3*m + 317*m**2 - 2*m. Determine p(-2).
-10
Let u(t) = t**3 + 10*t**2 + 8*t + 18. Suppose 1 = -o - g, -246*g + 245*g = -2*o - 29. Give u(o).
-62
Let z(b) = -2*b - 4. Let r(o) = 953*o**2. Let c be r(1). Let n = c - 957. Determine z(n).
4
Suppose 5*m = 17*m + 264. Let l = -16 + m. Let h = 30 + l. Let f(y) = y + 4. Give f(h).
-4
Let l(a) be the second derivative of -a**3/6 + 15*a**2 + a + 246. Determine l(-6).
36
Let h(c) be the third derivative of -c**6/120 - c**5/15 + 11*c**4/24 + c**3/2 + 1491*c**2. Calculate h(-5).
-27
Let l(k) = -20*k + 339. Let i be l(17). Let h(s) = 4*s**2 + 4*s + 4. Let w be h(i). Let g(r) = -r**3 + 4*r**2 + r. Calculate g(w).
4
Let f = -23 + 33. Let b(g) = -2377*g**2 - 2376*g**2 - 8*g - 2381*g**2 + 7135*g**2 - 22. What is b(f)?
-2
Let a(d) = -4*d**2 + 19*d + 34. Let x(i) = -3*i**2 + 20*i + 35. Let q(m) = 4*a(m) - 5*x(m). Determine q(-20).
41
Let w = 42 + -6. Let z = 45 - w. Let m be ((-6)/9)/(-3 - (-28)/z). Let q(v) = v - 5. What is q(m)?
-11
Suppose -g + 3 = -0*g. Let v(i) be the third derivative of i**6/120 - i**5/15 - i**4/24 + 5*i**3/3 - 42708*i**2. What is v(g)?
-2
Let x(d) = 2 + 5861860*d**2 - 5861857*d**2 - 6 + 22*d. Calculate x(-8).
12
Let p = 142 + -119. Let c(d) = 3*d + 3*d - p + d**2 + 15. What is c(-8)?
8
Let w(n) be the first derivative of n**3/3 + 6*n**2 + 11*n - 2. Suppose 0 = 5*f - 2*j + 2433 + 537, -4*f - 5*j - 2409 = 0. Let s = f - -585. What is w(s)?
0
Let z(m) be the third derivative of m**8/6720 + m**7/360 + m**6/90 + 7*m**5/120 + m**4/4 + 161*m**2. Let j(c) be the second derivative of z(c). Give j(-6).
-5
Let w(t) be the first derivative of -5/3*t**3 - 48 - 1/4*t**4 + 5/2*t**2 + 0*t. Calculate w(-5).
-25
Let b(p) = 10*p + 17*p**2 - 32*p**2 - 7*p + 16*p**2 + 0 + 5. Determine b(-2).
3
Let p(n) be the third derivative of -n**7/504 + n**5/120 + 25*n**4/24 - n**2. Let a(j) be the second derivative of p(j). Let h = -88 - -87. Give a(h).
-4
Let p(m) = -3*m**2 - m - 1. Let o(w) = w + 1. Let i(d) = -5*d + 2. Let f(z) = -i(z) - 3*o(z). Suppose 0 = 4*t - 18*t + 28. Let x be f(t). Calculate p(x).
-3
Let m(u) = -u**2 + 14*u - 23. Let o = -6529 - -6541. Give m(o).
1
Let y be (-34)/2 - (-102 + 128). Let z(d) = d**2 + 38*d - 193. Calculate z(y).
22
Let q(n) = -n**3 + 4*n**2 + 11*n - 33. Let c(s) = -3*s**3 + 16*s**2 - 7*s + 15. Let h be c(5). Let g be q(h). Let f(b) = b**2 + 3*b - 2. Calculate f(g).
-2
Suppose 4*p = -21 + 9. Let f(s) = -75*s + 1. Let n(i) = -252*i + 3. Let d(r) = 10*f(r) - 3*n(r). Calculate d(p).
-17
Let m(g) = -5*g**3 - 11*g**2 + 11*g - 15. Let s(v) = 6*v**3 + 11*v**2 - 11*v + 17. Let h = -71 - -67. Let f(u) = h*s(u) - 5*m(u). What is f(-12)?
-5
Let x(b) = -b**2 - 19*b - 1. Suppose 48*g + 163 + 797 = 0. Determine x(g).
-21
Let g(h) = 5*h + 49. Let c(x) = x**3 + 54*x**2 + 159*x + 295. Let j be c(-51). Calculate g(j).
-6
Let s(z) = 9*z**3 - 25*z**2 + 118*z - 55. Let l(o) = 29*o**3 - 74*o**2 + 353*o - 167. Let v(d) = -4*l(d) + 13*s(d). Calculate v(24).
1
Let k = 3944 - 3936. Let x(t) = -2*t + 0*t - 19 - 8*t. Let i(l) = -3*l - 6. Let j(u) = 7*i(u) - 2*x(u). Determine j(k).
-12
Suppose 28*o - 680 = 440. Let d be (o/(-30))/(16/(-12)). Let b(q) = q**3 - q**2 - 1. What is b(d)?
-1
Let h = 32 - -25. Suppose -h*v + 61*v - 40 = 0. Let n(c) = c**2 - 11*c + 2. Calculate n(v).
-8
Let f(s) = s**3 + 1. Let v(h) = -h**2 - 37*h + 31. Let r(q) = -q**2 - 34*q + 32. Let k(l) = 7*r(l) - 6*v(l). Let g be k(-18). Determine f(g).
9
Let q(o) = 2*o**2 - 6*o + 3. Let i(r) = 3*r + 50. Let u be i(-16). Let c be ((-1 + u)*-8 + -3)*-2. Suppose 4*f + 2*k = c, 0 = -2*f - f + 4*k. Determine q(f).
11
Let z(c) be the second derivative of -3/2*c**2 + 1/6*c**3 + 19 - c. What is z(8)?
5
Let j(z) = z**3 - 6*z**2 - 16*z + 6. Suppose -11 - 6 = -m - 3*w, 4*m - 2*w = 26. What is j(m)?
6
Let n(t) = 4*t - 8. Let b(p) be the third derivative of -23*p**4/24 + 20*p**3/3 + 110*p**2. Let o(m) = 2*b(m) + 11*n(m). Calculate o(-6).
4
Let z(f) = f**2 + 11*f + 6. Let l(b) = -b**2 - 10*b - 6. Let v(c) = 4*l(c) + 3*z(c). Let p be ((-74)/(-370))/(2 - 102/50). Give v(p).
4
Let u(n) be the first derivative of n**4/24 - n**3/3 + n**2 + 24*n + 23. Let v(i) be the second derivative of u(i). Calculate v(-4).
-6
Suppose -2*r - 264 + 472 = 0. Suppose 24*y + r = -2*y. Let q(i) = -i**2 - 5*i - 4. Calculate q(y).
0
Let v(s) = s**3 - 4*s**2 + 4*s - 1. Let m = 365 + 11. Let r = m - 374. What is v(r)?
-1
Let v = -22 - -29. Let t(x) = v*x + x + 12 - 7*x. What is t(0)?
12
Suppose -11*n - 975 + 1063 = 0. Let m(y) = 6*y - 61. Calculate m(n).
-13
Let l(k) = -k**3 + 14*k**2 + 2*k - 33. Let s(q) = 5*q - 60. Let w be s(10). Let d(u) = u**3 + 12*u**2 + 23*u + 44. Let n be d(w). Calculate l(n).
-5
Let d(h) be the first derivative of h**2/2 + 3*h - 911. What is d(6)?
9
Let f(n) = -3*n**3 - n**2 + 1. Let l be f(-1). Let w(k) = -33*k - 120. Let t be w(-4). Let c(g) = 4*g + 9*g - t*g - l. What is c(9)?
6
Suppose 5*a - 3 = -2*v - 40, 3*v - 4*a = 2. Let q(y) = y**3 + 7*y**2 + 10*y + 6. What is q(v)?
-18
Suppose -18 = -21*l + 24*l. Let q(g) be the first derivative of -5*g**2/2 - 9*g - 6. Determine q(l).
21
Suppose 0 = 10*a + 7*a + 8*a + 75. Let k(o) = -o**3 - 3*o**2 - 8*o - 30. Calculate k(a).
-6
Let t(m) = -m**2 - 13*m - 20. Let i be t(-11). Let q(x) = -x**i - 6*x - 3 - 7*x + 12*x. Give q(-4).
-15
Suppose -p = 3*j + 15, 0 = -2*j + 4*p + 12 - 8. Let c(a) = -a**2 + 4*a + 20. Give c(j).
-12
Let v(q) = 210*q - 833. Let r be v(4). Let u(p) = p**3 - 6*p**2 + 3*p - 8. What is u(r)?
62
Let w(x) = -2 - 970200*x**2 - x + 1940402*x**2 - 970199*x**2 + 0*x. What is w(-3)?
28
Let q(a) = -a**2 + 8*a - 7. Let t = 149 + -254. Let p = t + 110. Calculate q(p).
8
Suppose -16*a = -20*a + 4*u, 0 = -4*a - 5*u. Let z(m) be the first derivative of m**4/4 + m**3/3 + m**2/2 + 4*m - 12. What is z(a)?
4
Let y = -1599 - -795. Let n = y + 810. Let l(d) = -2*d + 3. Determine l(n).
-9
Let d(w) = w**3 + 6*w**2 - 12*w - 26. Let u = -7535 + 7528. What is d(u)?
9
Let l(k) = -k**3 - 7*k**2 + 7*k + 10. Let m(q) = q**3 + 6*q**2 - 18*q - 23. Let f be (-212)/26 - (-138)/897. Let g be m(f). Give l(g).
-39
Let o(r) be the second derivative of r**5/60 + 5*r**4/12 + r**3 - 245*r**2/2 - 225*r. Let c(i) be the first derivative of o(i). Give c(-4).
-18
Let l be (7/2 + -2)*32/6. Suppose l*w + 97 = -847. Let s = -113 - w. Let v(i) = -i**2 + 2*i + 6. What is v(s)?
-9
Let m(w) be the first derivative of 15*w**2/2 + 4*w + 38. Let a be 